{"id":175,"date":"2015-07-10T09:22:12","date_gmt":"2015-07-10T07:22:12","guid":{"rendered":"http:\/\/www.schuchatwork.de\/wordpress_haardchor\/?page_id=175"},"modified":"2023-03-27T19:36:05","modified_gmt":"2023-03-27T17:36:05","slug":"gaestebuch-2","status":"publish","type":"page","link":"http:\/\/www.schuchatwork.de\/wordpress_haardchor\/gaestebuch-2\/","title":{"rendered":"G\u00e4stebuch"},"content":{"rendered":"<p><img data-recalc-dims=\"1\" loading=\"lazy\" decoding=\"async\" data-attachment-id=\"781\" data-permalink=\"http:\/\/www.schuchatwork.de\/wordpress_haardchor\/gaestebuch-2\/gaestebuch-icon8bit-5\/#main\" data-orig-file=\"https:\/\/i0.wp.com\/www.schuchatwork.de\/wordpress_haardchor\/wp-content\/uploads\/2015\/07\/gaestebuch-icon8bit4.png?fit=1440%2C822\" data-orig-size=\"1440,822\" data-comments-opened=\"0\" data-image-meta=\"{&quot;aperture&quot;:&quot;0&quot;,&quot;credit&quot;:&quot;&quot;,&quot;camera&quot;:&quot;&quot;,&quot;caption&quot;:&quot;&quot;,&quot;created_timestamp&quot;:&quot;0&quot;,&quot;copyright&quot;:&quot;&quot;,&quot;focal_length&quot;:&quot;0&quot;,&quot;iso&quot;:&quot;0&quot;,&quot;shutter_speed&quot;:&quot;0&quot;,&quot;title&quot;:&quot;&quot;,&quot;orientation&quot;:&quot;0&quot;}\" data-image-title=\"gaestebuch-icon8bit\" data-image-description=\"\" data-image-caption=\"\" data-medium-file=\"https:\/\/i0.wp.com\/www.schuchatwork.de\/wordpress_haardchor\/wp-content\/uploads\/2015\/07\/gaestebuch-icon8bit4.png?fit=300%2C171\" data-large-file=\"https:\/\/i0.wp.com\/www.schuchatwork.de\/wordpress_haardchor\/wp-content\/uploads\/2015\/07\/gaestebuch-icon8bit4.png?fit=1024%2C585\" class=\"aligncenter size-large wp-image-781\" src=\"https:\/\/i0.wp.com\/www.schuchatwork.de\/wordpress_haardchor\/wp-content\/uploads\/2015\/07\/gaestebuch-icon8bit4.png?resize=1024%2C585\" alt=\"gaestebuch-icon8bit\" width=\"1024\" height=\"585\" srcset=\"https:\/\/i0.wp.com\/www.schuchatwork.de\/wordpress_haardchor\/wp-content\/uploads\/2015\/07\/gaestebuch-icon8bit4.png?resize=1024%2C585 1024w, https:\/\/i0.wp.com\/www.schuchatwork.de\/wordpress_haardchor\/wp-content\/uploads\/2015\/07\/gaestebuch-icon8bit4.png?resize=300%2C171 300w, https:\/\/i0.wp.com\/www.schuchatwork.de\/wordpress_haardchor\/wp-content\/uploads\/2015\/07\/gaestebuch-icon8bit4.png?w=1440 1440w\" sizes=\"auto, (max-width: 1000px) 100vw, 1000px\" \/><\/p>\n<p>&nbsp;<\/p>\n<p>Der Chor freut sich \u00fcber jegliches Feedback.<br \/>\nOb Begeisterungsst\u00fcrme oder konstruktive Kritik \u2013 an allem k\u00f6nnen wir nur wachsen.<br \/>\nUnd auch einfache Gr\u00fc\u00dfe sind sch\u00f6n.<\/p>\n","protected":false},"excerpt":{"rendered":"<p>&nbsp; Der Chor freut sich \u00fcber jegliches Feedback. Ob Begeisterungsst\u00fcrme oder konstruktive Kritik \u2013 an allem k\u00f6nnen wir nur wachsen. Und auch einfache Gr\u00fc\u00dfe sind sch\u00f6n.<\/p>\n","protected":false},"author":1,"featured_media":0,"parent":0,"menu_order":0,"comment_status":"closed","ping_status":"closed","template":"","meta":{"jetpack_post_was_ever_published":true,"footnotes":""},"class_list":["post-175","page","type-page","status-publish","hentry"],"jetpack_sharing_enabled":true,"jetpack_shortlink":"https:\/\/wp.me\/P6rlCm-2P","jetpack-related-posts":[],"_links":{"self":[{"href":"http:\/\/www.schuchatwork.de\/wordpress_haardchor\/wp-json\/wp\/v2\/pages\/175","targetHints":{"allow":["GET"]}}],"collection":[{"href":"http:\/\/www.schuchatwork.de\/wordpress_haardchor\/wp-json\/wp\/v2\/pages"}],"about":[{"href":"http:\/\/www.schuchatwork.de\/wordpress_haardchor\/wp-json\/wp\/v2\/types\/page"}],"author":[{"embeddable":true,"href":"http:\/\/www.schuchatwork.de\/wordpress_haardchor\/wp-json\/wp\/v2\/users\/1"}],"replies":[{"embeddable":true,"href":"http:\/\/www.schuchatwork.de\/wordpress_haardchor\/wp-json\/wp\/v2\/comments?post=175"}],"version-history":[{"count":46,"href":"http:\/\/www.schuchatwork.de\/wordpress_haardchor\/wp-json\/wp\/v2\/pages\/175\/revisions"}],"predecessor-version":[{"id":1171,"href":"http:\/\/www.schuchatwork.de\/wordpress_haardchor\/wp-json\/wp\/v2\/pages\/175\/revisions\/1171"}],"wp:attachment":[{"href":"http:\/\/www.schuchatwork.de\/wordpress_haardchor\/wp-json\/wp\/v2\/media?parent=175"}],"curies":[{"name":"wp","href":"https:\/\/api.w.org\/{rel}","templated":true}]}}