{"id":173,"date":"2015-07-10T09:21:57","date_gmt":"2015-07-10T07:21:57","guid":{"rendered":"http:\/\/www.schuchatwork.de\/wordpress_haardchor\/?page_id=173"},"modified":"2023-02-03T13:01:21","modified_gmt":"2023-02-03T12:01:21","slug":"shop-2-2","status":"publish","type":"page","link":"http:\/\/www.schuchatwork.de\/wordpress_haardchor\/shop-2-2\/","title":{"rendered":"Shop"},"content":{"rendered":"<p><img data-recalc-dims=\"1\" loading=\"lazy\" decoding=\"async\" data-attachment-id=\"754\" data-permalink=\"http:\/\/www.schuchatwork.de\/wordpress_haardchor\/shop-2-2\/shop-icon8bit-3\/#main\" data-orig-file=\"https:\/\/i0.wp.com\/www.schuchatwork.de\/wordpress_haardchor\/wp-content\/uploads\/2015\/07\/Shop-icon8bit2.png?fit=1440%2C822\" data-orig-size=\"1440,822\" data-comments-opened=\"0\" data-image-meta=\"{&quot;aperture&quot;:&quot;0&quot;,&quot;credit&quot;:&quot;&quot;,&quot;camera&quot;:&quot;&quot;,&quot;caption&quot;:&quot;&quot;,&quot;created_timestamp&quot;:&quot;0&quot;,&quot;copyright&quot;:&quot;&quot;,&quot;focal_length&quot;:&quot;0&quot;,&quot;iso&quot;:&quot;0&quot;,&quot;shutter_speed&quot;:&quot;0&quot;,&quot;title&quot;:&quot;&quot;,&quot;orientation&quot;:&quot;0&quot;}\" data-image-title=\"Shop-icon8bit\" data-image-description=\"\" data-image-caption=\"\" data-medium-file=\"https:\/\/i0.wp.com\/www.schuchatwork.de\/wordpress_haardchor\/wp-content\/uploads\/2015\/07\/Shop-icon8bit2.png?fit=300%2C171\" data-large-file=\"https:\/\/i0.wp.com\/www.schuchatwork.de\/wordpress_haardchor\/wp-content\/uploads\/2015\/07\/Shop-icon8bit2.png?fit=1024%2C585\" class=\"aligncenter size-large wp-image-754\" src=\"https:\/\/i0.wp.com\/www.schuchatwork.de\/wordpress_haardchor\/wp-content\/uploads\/2015\/07\/Shop-icon8bit2.png?resize=1024%2C585\" alt=\"Shop-icon8bit\" width=\"1024\" height=\"585\" srcset=\"https:\/\/i0.wp.com\/www.schuchatwork.de\/wordpress_haardchor\/wp-content\/uploads\/2015\/07\/Shop-icon8bit2.png?resize=1024%2C585 1024w, https:\/\/i0.wp.com\/www.schuchatwork.de\/wordpress_haardchor\/wp-content\/uploads\/2015\/07\/Shop-icon8bit2.png?resize=300%2C171 300w, https:\/\/i0.wp.com\/www.schuchatwork.de\/wordpress_haardchor\/wp-content\/uploads\/2015\/07\/Shop-icon8bit2.png?w=1440 1440w\" sizes=\"auto, (max-width: 1000px) 100vw, 1000px\" \/><\/p>\n<p>\u2026 kaufen macht so viel Spa\u00df.<\/p>\n<p>Auch wenn der Haardchor im Vest schwerpunktm\u00e4\u00dfig ein Live-Chor ist\u2026 es gibt einiges auch als CD zu erwerben. 2015 wurden die Auftritte etwas reduziert und die gewonnene Zeit daf\u00fcr benutzt, CDs aufzunehmen. Als Jubil\u00e4ums-CDs (2016) gibt es die \u00bbEdition 2016 \u00b7 Studio\u00ab und die \u00bbEdition 2016 \u00b7 Live\u00ab (ein Konzertmitschnitt aus der Kreuzkirche im Marl):<\/p>\n<p>Einzeln jeweils 5.99\u20ac, als Paket f\u00fcr 9.99\u20ac, jeweils zzgl. Versand.<\/p>\n<p>Bezahlen Sie einfach per PayPal\u2026 oder leisten Sie Vorkasse per \u00dcberweisung auf folgendes Konto:<\/p>\n<p>Sparkasse Vest<br \/>\nBlz 42650150<br \/>\nKto 900&nbsp;42&nbsp;508<\/p>\n<p>Bei Vorkasse geben Sie bitte kurz <a href=\"http:\/\/www.schuchatwork.de\/wordpress_haardchor\/impressum-2-2\/\">per eMail<\/a> \u00fcber den Kauf Bescheid<br \/>\nDie Lieferung geht nach verbuchtem Zahlungseingang auf den Postweg.<\/p>\n<h2>Edition 2016 \u00b7 Studio<\/h2>\n<div class=\"wpsc_product\"><div class=\"wp_cart_button_wrapper\"><form method=\"post\" class=\"wp-cart-button-form\" action=\"\" style=\"display:inline\" onsubmit=\"return ReadForm(this, true);\" ><input type=\"hidden\" id=\"_wpnonce\" name=\"_wpnonce\" value=\"55225676c7\" \/><input type=\"hidden\" name=\"_wp_http_referer\" value=\"\/wordpress_haardchor\/wp-json\/wp\/v2\/pages\/173\" \/><input type=\"submit\" class=\"wspsc_add_cart_submit\" name=\"wspsc_add_cart_submit\" value=\"Zum Warenkorb hinzuf\u00fcgen\" \/><input type=\"hidden\" name=\"wspsc_product\" value=\"Edition 2015 \u00b7 Studio\" \/><input type=\"hidden\" name=\"price\" value=\"5.99\" \/><input type=\"hidden\" name=\"shipping\" value=\"0\" \/><input type=\"hidden\" name=\"addcart\" value=\"1\" \/><input type=\"hidden\" name=\"cartLink\" value=\"http:\/\/www.schuchatwork.de\/wordpress_haardchor\/wp-json\/wp\/v2\/pages\/173\" \/><input type=\"hidden\" name=\"product_tmp\" value=\"Edition 2015 \u00b7 Studio\" \/><input type=\"hidden\" name=\"product_tmp_two\" value=\"Edition 2015 &middot; Studio\" \/><input type=\"hidden\" name=\"item_number\" value=\"\" \/><div class=\"wpsc_add_cart_response_div\"><\/div><\/form><\/div><\/div>\n<p><img data-recalc-dims=\"1\" loading=\"lazy\" decoding=\"async\" data-attachment-id=\"481\" data-permalink=\"http:\/\/www.schuchatwork.de\/wordpress_haardchor\/shop-2-2\/cd-studio2\/#main\" data-orig-file=\"https:\/\/i0.wp.com\/www.schuchatwork.de\/wordpress_haardchor\/wp-content\/uploads\/2015\/07\/cd-studio2.png?fit=2000%2C1000\" data-orig-size=\"2000,1000\" data-comments-opened=\"0\" data-image-meta=\"{&quot;aperture&quot;:&quot;0&quot;,&quot;credit&quot;:&quot;&quot;,&quot;camera&quot;:&quot;&quot;,&quot;caption&quot;:&quot;&quot;,&quot;created_timestamp&quot;:&quot;0&quot;,&quot;copyright&quot;:&quot;&quot;,&quot;focal_length&quot;:&quot;0&quot;,&quot;iso&quot;:&quot;0&quot;,&quot;shutter_speed&quot;:&quot;0&quot;,&quot;title&quot;:&quot;&quot;,&quot;orientation&quot;:&quot;0&quot;}\" data-image-title=\"cd-studio2\" data-image-description=\"\" data-image-caption=\"\" data-medium-file=\"https:\/\/i0.wp.com\/www.schuchatwork.de\/wordpress_haardchor\/wp-content\/uploads\/2015\/07\/cd-studio2.png?fit=300%2C150\" data-large-file=\"https:\/\/i0.wp.com\/www.schuchatwork.de\/wordpress_haardchor\/wp-content\/uploads\/2015\/07\/cd-studio2.png?fit=1024%2C512\" class=\"alignnone wp-image-481 size-full\" src=\"https:\/\/i0.wp.com\/www.schuchatwork.de\/wordpress_haardchor\/wp-content\/uploads\/2015\/07\/cd-studio2.png?resize=2000%2C1000\" alt=\"cd-studio2\" width=\"2000\" height=\"1000\" srcset=\"https:\/\/i0.wp.com\/www.schuchatwork.de\/wordpress_haardchor\/wp-content\/uploads\/2015\/07\/cd-studio2.png?w=2000 2000w, https:\/\/i0.wp.com\/www.schuchatwork.de\/wordpress_haardchor\/wp-content\/uploads\/2015\/07\/cd-studio2.png?resize=300%2C150 300w, https:\/\/i0.wp.com\/www.schuchatwork.de\/wordpress_haardchor\/wp-content\/uploads\/2015\/07\/cd-studio2.png?resize=1024%2C512 1024w\" sizes=\"auto, (max-width: 1000px) 100vw, 1000px\" \/><\/p>\n<h2>Edition 2016 \u00b7&nbsp;Live<\/h2>\n<div class=\"wpsc_product\"><div class=\"wp_cart_button_wrapper\"><form method=\"post\" class=\"wp-cart-button-form\" action=\"\" style=\"display:inline\" onsubmit=\"return ReadForm(this, true);\" ><input type=\"hidden\" id=\"_wpnonce\" name=\"_wpnonce\" value=\"55225676c7\" \/><input type=\"hidden\" name=\"_wp_http_referer\" value=\"\/wordpress_haardchor\/wp-json\/wp\/v2\/pages\/173\" \/><input type=\"submit\" class=\"wspsc_add_cart_submit\" name=\"wspsc_add_cart_submit\" value=\"Zum Warenkorb hinzuf\u00fcgen\" \/><input type=\"hidden\" name=\"wspsc_product\" value=\"Edition 2015 \u00b7\u00a0Live\u00a0\" \/><input type=\"hidden\" name=\"price\" value=\"5.99\" \/><input type=\"hidden\" name=\"shipping\" value=\"0\" \/><input type=\"hidden\" name=\"addcart\" value=\"1\" \/><input type=\"hidden\" name=\"cartLink\" value=\"http:\/\/www.schuchatwork.de\/wordpress_haardchor\/wp-json\/wp\/v2\/pages\/173\" \/><input type=\"hidden\" name=\"product_tmp\" value=\"Edition 2015 \u00b7\u00a0Live\u00a0\" \/><input type=\"hidden\" name=\"product_tmp_two\" value=\"Edition 2015 &middot;&nbsp;Live&nbsp;\" \/><input type=\"hidden\" name=\"item_number\" value=\"\" \/><div class=\"wpsc_add_cart_response_div\"><\/div><\/form><\/div><\/div>\n<p><img data-recalc-dims=\"1\" loading=\"lazy\" decoding=\"async\" data-attachment-id=\"482\" data-permalink=\"http:\/\/www.schuchatwork.de\/wordpress_haardchor\/shop-2-2\/live\/#main\" data-orig-file=\"https:\/\/i0.wp.com\/www.schuchatwork.de\/wordpress_haardchor\/wp-content\/uploads\/2015\/07\/live.png?fit=2000%2C1000\" data-orig-size=\"2000,1000\" data-comments-opened=\"0\" data-image-meta=\"{&quot;aperture&quot;:&quot;0&quot;,&quot;credit&quot;:&quot;&quot;,&quot;camera&quot;:&quot;&quot;,&quot;caption&quot;:&quot;&quot;,&quot;created_timestamp&quot;:&quot;0&quot;,&quot;copyright&quot;:&quot;&quot;,&quot;focal_length&quot;:&quot;0&quot;,&quot;iso&quot;:&quot;0&quot;,&quot;shutter_speed&quot;:&quot;0&quot;,&quot;title&quot;:&quot;&quot;,&quot;orientation&quot;:&quot;0&quot;}\" data-image-title=\"live\" data-image-description=\"\" data-image-caption=\"\" data-medium-file=\"https:\/\/i0.wp.com\/www.schuchatwork.de\/wordpress_haardchor\/wp-content\/uploads\/2015\/07\/live.png?fit=300%2C150\" data-large-file=\"https:\/\/i0.wp.com\/www.schuchatwork.de\/wordpress_haardchor\/wp-content\/uploads\/2015\/07\/live.png?fit=1024%2C512\" class=\"alignnone wp-image-482 size-full\" src=\"https:\/\/i0.wp.com\/www.schuchatwork.de\/wordpress_haardchor\/wp-content\/uploads\/2015\/07\/live.png?resize=2000%2C1000\" alt=\"live\" width=\"2000\" height=\"1000\" srcset=\"https:\/\/i0.wp.com\/www.schuchatwork.de\/wordpress_haardchor\/wp-content\/uploads\/2015\/07\/live.png?w=2000 2000w, https:\/\/i0.wp.com\/www.schuchatwork.de\/wordpress_haardchor\/wp-content\/uploads\/2015\/07\/live.png?resize=300%2C150 300w, https:\/\/i0.wp.com\/www.schuchatwork.de\/wordpress_haardchor\/wp-content\/uploads\/2015\/07\/live.png?resize=1024%2C512 1024w\" sizes=\"auto, (max-width: 1000px) 100vw, 1000px\" \/><\/p>\n<h2>Edition 2016 \u00b7 Deluxe<\/h2>\n<div class=\"wpsc_product\"><div class=\"wp_cart_button_wrapper\"><form method=\"post\" class=\"wp-cart-button-form\" action=\"\" style=\"display:inline\" onsubmit=\"return ReadForm(this, true);\" ><input type=\"hidden\" id=\"_wpnonce\" name=\"_wpnonce\" value=\"55225676c7\" \/><input type=\"hidden\" name=\"_wp_http_referer\" value=\"\/wordpress_haardchor\/wp-json\/wp\/v2\/pages\/173\" \/><input type=\"submit\" class=\"wspsc_add_cart_submit\" name=\"wspsc_add_cart_submit\" value=\"Zum Warenkorb hinzuf\u00fcgen\" \/><input type=\"hidden\" name=\"wspsc_product\" value=\"Edition 2015 \u00b7 Deluxe\u00a0\" \/><input type=\"hidden\" name=\"price\" value=\"9.99\" \/><input type=\"hidden\" name=\"shipping\" value=\"0\" \/><input type=\"hidden\" name=\"addcart\" value=\"1\" \/><input type=\"hidden\" name=\"cartLink\" value=\"http:\/\/www.schuchatwork.de\/wordpress_haardchor\/wp-json\/wp\/v2\/pages\/173\" \/><input type=\"hidden\" name=\"product_tmp\" value=\"Edition 2015 \u00b7 Deluxe\u00a0\" \/><input type=\"hidden\" name=\"product_tmp_two\" value=\"Edition 2015 &middot; Deluxe&nbsp;\" \/><input type=\"hidden\" name=\"item_number\" value=\"\" \/><div class=\"wpsc_add_cart_response_div\"><\/div><\/form><\/div><\/div>\n<p>&nbsp;<\/p>\n<p><img data-recalc-dims=\"1\" loading=\"lazy\" decoding=\"async\" data-attachment-id=\"479\" data-permalink=\"http:\/\/www.schuchatwork.de\/wordpress_haardchor\/shop-2-2\/cd-deluxe-schatten\/#main\" data-orig-file=\"https:\/\/i0.wp.com\/www.schuchatwork.de\/wordpress_haardchor\/wp-content\/uploads\/2015\/07\/Cd-deluxe-schatten.png?fit=2990%2C1000\" data-orig-size=\"2990,1000\" data-comments-opened=\"0\" data-image-meta=\"{&quot;aperture&quot;:&quot;0&quot;,&quot;credit&quot;:&quot;&quot;,&quot;camera&quot;:&quot;&quot;,&quot;caption&quot;:&quot;&quot;,&quot;created_timestamp&quot;:&quot;0&quot;,&quot;copyright&quot;:&quot;&quot;,&quot;focal_length&quot;:&quot;0&quot;,&quot;iso&quot;:&quot;0&quot;,&quot;shutter_speed&quot;:&quot;0&quot;,&quot;title&quot;:&quot;&quot;,&quot;orientation&quot;:&quot;0&quot;}\" data-image-title=\"Cd-deluxe-schatten\" data-image-description=\"\" data-image-caption=\"\" data-medium-file=\"https:\/\/i0.wp.com\/www.schuchatwork.de\/wordpress_haardchor\/wp-content\/uploads\/2015\/07\/Cd-deluxe-schatten.png?fit=300%2C100\" data-large-file=\"https:\/\/i0.wp.com\/www.schuchatwork.de\/wordpress_haardchor\/wp-content\/uploads\/2015\/07\/Cd-deluxe-schatten.png?fit=1024%2C342\" class=\"alignnone wp-image-479 size-full\" src=\"https:\/\/i0.wp.com\/www.schuchatwork.de\/wordpress_haardchor\/wp-content\/uploads\/2015\/07\/Cd-deluxe-schatten.png?resize=2990%2C1000\" alt=\"Cd-deluxe-schatten\" width=\"2990\" height=\"1000\" srcset=\"https:\/\/i0.wp.com\/www.schuchatwork.de\/wordpress_haardchor\/wp-content\/uploads\/2015\/07\/Cd-deluxe-schatten.png?w=2990 2990w, https:\/\/i0.wp.com\/www.schuchatwork.de\/wordpress_haardchor\/wp-content\/uploads\/2015\/07\/Cd-deluxe-schatten.png?resize=300%2C100 300w, https:\/\/i0.wp.com\/www.schuchatwork.de\/wordpress_haardchor\/wp-content\/uploads\/2015\/07\/Cd-deluxe-schatten.png?resize=1024%2C342 1024w, https:\/\/i0.wp.com\/www.schuchatwork.de\/wordpress_haardchor\/wp-content\/uploads\/2015\/07\/Cd-deluxe-schatten.png?w=2000 2000w\" sizes=\"auto, (max-width: 1000px) 100vw, 1000px\" \/><\/p>\n","protected":false},"excerpt":{"rendered":"<p>\u2026 kaufen macht so viel Spa\u00df. Auch wenn der Haardchor im Vest schwerpunktm\u00e4\u00dfig ein Live-Chor ist\u2026 es gibt einiges auch als CD zu erwerben. 2015 wurden die Auftritte etwas reduziert und die gewonnene Zeit daf\u00fcr benutzt, CDs aufzunehmen. Als Jubil\u00e4ums-CDs (2016) gibt es die \u00bbEdition 2016 \u00b7 Studio\u00ab und die \u00bbEdition 2016 \u00b7 Live\u00ab (ein&#8230; <\/p>\n","protected":false},"author":1,"featured_media":0,"parent":0,"menu_order":0,"comment_status":"closed","ping_status":"closed","template":"","meta":{"jetpack_post_was_ever_published":false,"footnotes":""},"class_list":["post-173","page","type-page","status-publish","hentry"],"jetpack_sharing_enabled":true,"jetpack_shortlink":"https:\/\/wp.me\/P6rlCm-2N","jetpack-related-posts":[],"_links":{"self":[{"href":"http:\/\/www.schuchatwork.de\/wordpress_haardchor\/wp-json\/wp\/v2\/pages\/173","targetHints":{"allow":["GET"]}}],"collection":[{"href":"http:\/\/www.schuchatwork.de\/wordpress_haardchor\/wp-json\/wp\/v2\/pages"}],"about":[{"href":"http:\/\/www.schuchatwork.de\/wordpress_haardchor\/wp-json\/wp\/v2\/types\/page"}],"author":[{"embeddable":true,"href":"http:\/\/www.schuchatwork.de\/wordpress_haardchor\/wp-json\/wp\/v2\/users\/1"}],"replies":[{"embeddable":true,"href":"http:\/\/www.schuchatwork.de\/wordpress_haardchor\/wp-json\/wp\/v2\/comments?post=173"}],"version-history":[{"count":55,"href":"http:\/\/www.schuchatwork.de\/wordpress_haardchor\/wp-json\/wp\/v2\/pages\/173\/revisions"}],"predecessor-version":[{"id":1096,"href":"http:\/\/www.schuchatwork.de\/wordpress_haardchor\/wp-json\/wp\/v2\/pages\/173\/revisions\/1096"}],"wp:attachment":[{"href":"http:\/\/www.schuchatwork.de\/wordpress_haardchor\/wp-json\/wp\/v2\/media?parent=173"}],"curies":[{"name":"wp","href":"https:\/\/api.w.org\/{rel}","templated":true}]}}